{"id":33,"date":"2023-04-19T10:06:19","date_gmt":"2023-04-19T08:06:19","guid":{"rendered":"https:\/\/instantmedia.pl\/?page_id=33"},"modified":"2026-01-21T12:04:13","modified_gmt":"2026-01-21T11:04:13","slug":"fotografia-biznesowa","status":"publish","type":"page","link":"https:\/\/instantmedia.pl\/?page_id=33","title":{"rendered":"Fotografia biznesowa"},"content":{"rendered":"\n<p>Fotografia biznesowa to rodzaj fotografii, kt\u00f3ry jest wykorzystywany do promocji i marketingu firm oraz ich pracownik\u00f3w. Fotografie biznesowe pracownik\u00f3w s\u0105 tworzone w celu przedstawienia zespo\u0142u lub dzia\u0142u firmy w profesjonalny spos\u00f3b.<\/p>\n\n\n\n<p>Tego typu fotografie cz\u0119sto s\u0105 wykorzystywane w materia\u0142ach marketingowych, takich jak ulotki, broszury, strony internetowe, profile firmowe w mediach spo\u0142eczno\u015bciowych np.: Linkedin, a tak\u017ce w materia\u0142ach rekrutacyjnych. Fotografie biznesowe pracownik\u00f3w mog\u0105 by\u0107 wykonane indywidualnie, w grupach lub podczas wydarze\u0144 firmowych.<\/p>\n\n\n\n<div class=\"wp-block-columns is-layout-flex wp-container-core-columns-is-layout-28f84493 wp-block-columns-is-layout-flex\">\n<div class=\"wp-block-column is-layout-flow wp-block-column-is-layout-flow\" style=\"flex-basis:100%\">\n<figure class=\"wp-block-gallery has-nested-images columns-default is-cropped wp-block-gallery-1 is-layout-flex wp-block-gallery-is-layout-flex\">\n<figure class=\"wp-block-image size-large\"><img loading=\"lazy\" decoding=\"async\" width=\"683\" height=\"1024\" data-id=\"199\" src=\"https:\/\/instantmedia.pl\/wp-content\/uploads\/2023\/05\/kamil-mniejsze-683x1024.jpg\" alt=\"\" class=\"wp-image-199\" srcset=\"https:\/\/instantmedia.pl\/wp-content\/uploads\/2023\/05\/kamil-mniejsze-683x1024.jpg 683w, https:\/\/instantmedia.pl\/wp-content\/uploads\/2023\/05\/kamil-mniejsze-200x300.jpg 200w, https:\/\/instantmedia.pl\/wp-content\/uploads\/2023\/05\/kamil-mniejsze-768x1152.jpg 768w, https:\/\/instantmedia.pl\/wp-content\/uploads\/2023\/05\/kamil-mniejsze-1024x1536.jpg 1024w, https:\/\/instantmedia.pl\/wp-content\/uploads\/2023\/05\/kamil-mniejsze-1365x2048.jpg 1365w, https:\/\/instantmedia.pl\/wp-content\/uploads\/2023\/05\/kamil-mniejsze-scaled.jpg 1707w\" sizes=\"auto, (max-width: 683px) 100vw, 683px\" \/><\/figure>\n\n\n\n<figure class=\"wp-block-image size-large\"><img loading=\"lazy\" decoding=\"async\" width=\"1024\" height=\"685\" data-id=\"134\" src=\"https:\/\/instantmedia.pl\/wp-content\/uploads\/2023\/04\/Santander-Daria-mniejsze-1-1024x685.png\" alt=\"fotografia biznesowa, fotografia korporacyjna, sesja zdj\u0119ciowa biznesowa, fotografia portretowa biznesowa, zdj\u0119cia pracownik\u00f3w firmy\" class=\"wp-image-134\" srcset=\"https:\/\/instantmedia.pl\/wp-content\/uploads\/2023\/04\/Santander-Daria-mniejsze-1-1024x685.png 1024w, https:\/\/instantmedia.pl\/wp-content\/uploads\/2023\/04\/Santander-Daria-mniejsze-1-300x201.png 300w, https:\/\/instantmedia.pl\/wp-content\/uploads\/2023\/04\/Santander-Daria-mniejsze-1-768x514.png 768w, https:\/\/instantmedia.pl\/wp-content\/uploads\/2023\/04\/Santander-Daria-mniejsze-1-1536x1027.png 1536w, https:\/\/instantmedia.pl\/wp-content\/uploads\/2023\/04\/Santander-Daria-mniejsze-1-2048x1370.png 2048w\" sizes=\"auto, (max-width: 1024px) 100vw, 1024px\" \/><\/figure>\n\n\n\n<figure class=\"wp-block-image size-large\"><img loading=\"lazy\" decoding=\"async\" width=\"1024\" height=\"743\" data-id=\"135\" src=\"https:\/\/instantmedia.pl\/wp-content\/uploads\/2023\/04\/Santander-Iza-mniejsze-1-1024x743.png\" alt=\"fotografia biznesowa, fotografia korporacyjna, sesja zdj\u0119ciowa biznesowa, fotografia portretowa biznesowa, zdj\u0119cia pracownik\u00f3w firmy\" class=\"wp-image-135\" srcset=\"https:\/\/instantmedia.pl\/wp-content\/uploads\/2023\/04\/Santander-Iza-mniejsze-1-1024x743.png 1024w, https:\/\/instantmedia.pl\/wp-content\/uploads\/2023\/04\/Santander-Iza-mniejsze-1-300x218.png 300w, https:\/\/instantmedia.pl\/wp-content\/uploads\/2023\/04\/Santander-Iza-mniejsze-1-768x557.png 768w, https:\/\/instantmedia.pl\/wp-content\/uploads\/2023\/04\/Santander-Iza-mniejsze-1-1536x1114.png 1536w, https:\/\/instantmedia.pl\/wp-content\/uploads\/2023\/04\/Santander-Iza-mniejsze-1.png 1959w\" sizes=\"auto, (max-width: 1024px) 100vw, 1024px\" \/><\/figure>\n\n\n\n<figure class=\"wp-block-image size-large\"><img loading=\"lazy\" decoding=\"async\" width=\"1024\" height=\"683\" data-id=\"198\" src=\"https:\/\/instantmedia.pl\/wp-content\/uploads\/2023\/05\/koszek-mniejsze-1024x683.jpg\" alt=\"\" class=\"wp-image-198\" srcset=\"https:\/\/instantmedia.pl\/wp-content\/uploads\/2023\/05\/koszek-mniejsze-1024x683.jpg 1024w, https:\/\/instantmedia.pl\/wp-content\/uploads\/2023\/05\/koszek-mniejsze-300x200.jpg 300w, https:\/\/instantmedia.pl\/wp-content\/uploads\/2023\/05\/koszek-mniejsze-768x512.jpg 768w, https:\/\/instantmedia.pl\/wp-content\/uploads\/2023\/05\/koszek-mniejsze-1536x1024.jpg 1536w, https:\/\/instantmedia.pl\/wp-content\/uploads\/2023\/05\/koszek-mniejsze-2048x1365.jpg 2048w\" sizes=\"auto, (max-width: 1024px) 100vw, 1024px\" \/><\/figure>\n\n\n\n<figure class=\"wp-block-image size-large\"><img loading=\"lazy\" decoding=\"async\" width=\"1024\" height=\"683\" data-id=\"280\" src=\"https:\/\/instantmedia.pl\/wp-content\/uploads\/2024\/03\/DSC09827-Edit-1024x683.jpg\" alt=\"\" class=\"wp-image-280\" srcset=\"https:\/\/instantmedia.pl\/wp-content\/uploads\/2024\/03\/DSC09827-Edit-1024x683.jpg 1024w, https:\/\/instantmedia.pl\/wp-content\/uploads\/2024\/03\/DSC09827-Edit-300x200.jpg 300w, https:\/\/instantmedia.pl\/wp-content\/uploads\/2024\/03\/DSC09827-Edit-768x512.jpg 768w, https:\/\/instantmedia.pl\/wp-content\/uploads\/2024\/03\/DSC09827-Edit-1536x1024.jpg 1536w, https:\/\/instantmedia.pl\/wp-content\/uploads\/2024\/03\/DSC09827-Edit-2048x1365.jpg 2048w\" sizes=\"auto, (max-width: 1024px) 100vw, 1024px\" \/><\/figure>\n\n\n\n<figure class=\"wp-block-image size-large\"><img loading=\"lazy\" decoding=\"async\" width=\"1024\" height=\"742\" data-id=\"129\" src=\"https:\/\/instantmedia.pl\/wp-content\/uploads\/2023\/04\/Santander-Paulina-Widok-mniejsze-1024x742.png\" alt=\"fotografia biznesowa, fotografia korporacyjna, sesja zdj\u0119ciowa biznesowa, fotografia portretowa biznesowa, zdj\u0119cia pracownik\u00f3w firmy\" class=\"wp-image-129\" srcset=\"https:\/\/instantmedia.pl\/wp-content\/uploads\/2023\/04\/Santander-Paulina-Widok-mniejsze-1024x742.png 1024w, https:\/\/instantmedia.pl\/wp-content\/uploads\/2023\/04\/Santander-Paulina-Widok-mniejsze-300x217.png 300w, https:\/\/instantmedia.pl\/wp-content\/uploads\/2023\/04\/Santander-Paulina-Widok-mniejsze-768x557.png 768w, https:\/\/instantmedia.pl\/wp-content\/uploads\/2023\/04\/Santander-Paulina-Widok-mniejsze-1536x1113.png 1536w, https:\/\/instantmedia.pl\/wp-content\/uploads\/2023\/04\/Santander-Paulina-Widok-mniejsze-2048x1484.png 2048w\" sizes=\"auto, (max-width: 1024px) 100vw, 1024px\" \/><\/figure>\n<\/figure>\n<\/div>\n<\/div>\n\n\n\n<div class=\"wp-block-columns is-layout-flex wp-container-core-columns-is-layout-28f84493 wp-block-columns-is-layout-flex\">\n<div class=\"wp-block-column is-layout-flow wp-block-column-is-layout-flow\">\n<figure class=\"wp-block-image size-large\"><img loading=\"lazy\" decoding=\"async\" width=\"1024\" height=\"683\" src=\"https:\/\/instantmedia.pl\/wp-content\/uploads\/2023\/05\/DSC04851-Edit-mniejsze-1-1024x683.jpg\" alt=\"\" class=\"wp-image-197\" srcset=\"https:\/\/instantmedia.pl\/wp-content\/uploads\/2023\/05\/DSC04851-Edit-mniejsze-1-1024x683.jpg 1024w, https:\/\/instantmedia.pl\/wp-content\/uploads\/2023\/05\/DSC04851-Edit-mniejsze-1-300x200.jpg 300w, https:\/\/instantmedia.pl\/wp-content\/uploads\/2023\/05\/DSC04851-Edit-mniejsze-1-768x512.jpg 768w, https:\/\/instantmedia.pl\/wp-content\/uploads\/2023\/05\/DSC04851-Edit-mniejsze-1-1536x1024.jpg 1536w, https:\/\/instantmedia.pl\/wp-content\/uploads\/2023\/05\/DSC04851-Edit-mniejsze-1-2048x1365.jpg 2048w\" sizes=\"auto, (max-width: 1024px) 100vw, 1024px\" \/><\/figure>\n\n\n\n<figure class=\"wp-block-image size-large\"><img loading=\"lazy\" decoding=\"async\" width=\"1024\" height=\"683\" src=\"https:\/\/instantmedia.pl\/wp-content\/uploads\/2026\/01\/Fotografia-biznesowa-lekarz-1-1024x683.png\" alt=\"\" class=\"wp-image-287\" srcset=\"https:\/\/instantmedia.pl\/wp-content\/uploads\/2026\/01\/Fotografia-biznesowa-lekarz-1-1024x683.png 1024w, https:\/\/instantmedia.pl\/wp-content\/uploads\/2026\/01\/Fotografia-biznesowa-lekarz-1-300x200.png 300w, https:\/\/instantmedia.pl\/wp-content\/uploads\/2026\/01\/Fotografia-biznesowa-lekarz-1-768x512.png 768w, https:\/\/instantmedia.pl\/wp-content\/uploads\/2026\/01\/Fotografia-biznesowa-lekarz-1-1536x1024.png 1536w, https:\/\/instantmedia.pl\/wp-content\/uploads\/2026\/01\/Fotografia-biznesowa-lekarz-1-2048x1365.png 2048w\" sizes=\"auto, (max-width: 1024px) 100vw, 1024px\" \/><\/figure>\n<\/div>\n\n\n\n<div class=\"wp-block-column is-layout-flow wp-block-column-is-layout-flow\">\n<figure class=\"wp-block-image size-large\"><img loading=\"lazy\" decoding=\"async\" width=\"1024\" height=\"683\" src=\"https:\/\/instantmedia.pl\/wp-content\/uploads\/2023\/05\/DSC02933-Edit-mniejsze-1-1024x683.jpg\" alt=\"fotografia biznesowa\" class=\"wp-image-194\" srcset=\"https:\/\/instantmedia.pl\/wp-content\/uploads\/2023\/05\/DSC02933-Edit-mniejsze-1-1024x683.jpg 1024w, https:\/\/instantmedia.pl\/wp-content\/uploads\/2023\/05\/DSC02933-Edit-mniejsze-1-300x200.jpg 300w, https:\/\/instantmedia.pl\/wp-content\/uploads\/2023\/05\/DSC02933-Edit-mniejsze-1-768x512.jpg 768w, https:\/\/instantmedia.pl\/wp-content\/uploads\/2023\/05\/DSC02933-Edit-mniejsze-1-1536x1024.jpg 1536w, https:\/\/instantmedia.pl\/wp-content\/uploads\/2023\/05\/DSC02933-Edit-mniejsze-1-2048x1365.jpg 2048w\" sizes=\"auto, (max-width: 1024px) 100vw, 1024px\" \/><\/figure>\n\n\n\n<figure class=\"wp-block-image size-large\"><img loading=\"lazy\" decoding=\"async\" width=\"1024\" height=\"683\" src=\"https:\/\/instantmedia.pl\/wp-content\/uploads\/2026\/01\/fotografa-biznesowa-korporacja-1024x683.png\" alt=\"\" class=\"wp-image-288\" srcset=\"https:\/\/instantmedia.pl\/wp-content\/uploads\/2026\/01\/fotografa-biznesowa-korporacja-1024x683.png 1024w, https:\/\/instantmedia.pl\/wp-content\/uploads\/2026\/01\/fotografa-biznesowa-korporacja-300x200.png 300w, https:\/\/instantmedia.pl\/wp-content\/uploads\/2026\/01\/fotografa-biznesowa-korporacja-768x512.png 768w, https:\/\/instantmedia.pl\/wp-content\/uploads\/2026\/01\/fotografa-biznesowa-korporacja-1536x1024.png 1536w, https:\/\/instantmedia.pl\/wp-content\/uploads\/2026\/01\/fotografa-biznesowa-korporacja-2048x1365.png 2048w\" sizes=\"auto, (max-width: 1024px) 100vw, 1024px\" \/><\/figure>\n<\/div>\n<\/div>\n","protected":false},"excerpt":{"rendered":"<p>Fotografia biznesowa to rodzaj fotografii, kt\u00f3ry jest wykorzystywany do promocji i marketingu firm oraz ich pracownik\u00f3w. Fotografie biznesowe pracownik\u00f3w s\u0105 tworzone w celu przedstawienia zespo\u0142u lub dzia\u0142u firmy w profesjonalny spos\u00f3b. Tego typu fotografie cz\u0119sto s\u0105 wykorzystywane w materia\u0142ach marketingowych, takich jak ulotki, broszury, strony internetowe, profile firmowe w mediach spo\u0142eczno\u015bciowych np.: Linkedin, a tak\u017ce [&hellip;]<\/p>\n","protected":false},"author":1,"featured_media":0,"parent":0,"menu_order":2,"comment_status":"closed","ping_status":"closed","template":"","meta":{"footnotes":""},"class_list":["post-33","page","type-page","status-publish","hentry"],"_links":{"self":[{"href":"https:\/\/instantmedia.pl\/index.php?rest_route=\/wp\/v2\/pages\/33","targetHints":{"allow":["GET"]}}],"collection":[{"href":"https:\/\/instantmedia.pl\/index.php?rest_route=\/wp\/v2\/pages"}],"about":[{"href":"https:\/\/instantmedia.pl\/index.php?rest_route=\/wp\/v2\/types\/page"}],"author":[{"embeddable":true,"href":"https:\/\/instantmedia.pl\/index.php?rest_route=\/wp\/v2\/users\/1"}],"replies":[{"embeddable":true,"href":"https:\/\/instantmedia.pl\/index.php?rest_route=%2Fwp%2Fv2%2Fcomments&post=33"}],"version-history":[{"count":9,"href":"https:\/\/instantmedia.pl\/index.php?rest_route=\/wp\/v2\/pages\/33\/revisions"}],"predecessor-version":[{"id":289,"href":"https:\/\/instantmedia.pl\/index.php?rest_route=\/wp\/v2\/pages\/33\/revisions\/289"}],"wp:attachment":[{"href":"https:\/\/instantmedia.pl\/index.php?rest_route=%2Fwp%2Fv2%2Fmedia&parent=33"}],"curies":[{"name":"wp","href":"https:\/\/api.w.org\/{rel}","templated":true}]}}